9323.
3, 109, 7949
List the prime factors of 46777977.
3, 31, 167663
What are the prime factors of 33148876?
2, 173, 47903
What are the prime factors of 1201009970?
2, 5, 120100997
What are the prime factors of 524196736?
2, 7, 585041
List the prime factors of 117712903.
7, 11, 67, 22817
What are the prime factors of 40668345?
3, 5, 301247
What are the prime factors of 282398209?
23, 12278183
What are the prime factors of 82691553?
3, 7, 17, 19, 73, 167
What are the prime factors of 1278702690?
2, 3, 5, 79, 337, 1601
List the prime factors of 2376612897.
3, 37, 257, 83311
List the prime factors of 4498125742.
2, 11, 37, 5525953
What are the prime factors of 46094322?
2, 3, 7682387
List the prime factors of 752352105.
3, 5, 3709, 13523
List the prime factors of 3577020354.
2, 3, 17, 11689609
What are the prime factors of 526892083?
526892083
What are the prime factors of 813862854?
2, 3, 7, 61, 2161
List the prime factors of 213863693.
83, 1237, 2083
List the prime factors of 762861910.
2, 5, 17, 4487423
What are the prime factors of 97289084?
2, 29, 347, 2417
List the prime factors of 19960447.
13, 571, 2689
What are the prime factors of 199542322?
2, 7, 14253023
List the prime factors of 5548627889.
7, 792661127
List the prime factors of 203151570.
2, 3, 5, 6771719
What are the prime factors of 2558850038?
2, 1279425019
What are the prime factors of 66163468?
2, 7, 2362981
What are the prime factors of 1749055850?
2, 5, 251, 139367
What are the prime factors of 178084833?
3, 47, 59, 21407
What are the prime factors of 457174408?
2, 57146801
List the prime factors of 1645135205.
5, 7, 47003863
What are the prime factors of 2784710832?
2, 3, 19, 23, 132757
List the prime factors of 1231103686.
2, 937, 656939
What are the prime factors of 60490540?
2, 5, 11, 274957
List the prime factors of 293362050.
2, 3, 5, 1955747
List the prime factors of 5163879.
3, 7, 245899
What are the prime factors of 12752063?
12752063
What are the prime factors of 22155954?
2, 3, 3692659
List the prime factors of 18379677.
3, 101, 60659
List the prime factors of 41647541.
13, 3203657
List the prime factors of 5518006408.
2, 89, 97, 109, 733
List the prime factors of 68068470.
2, 3, 5, 2268949
List the prime factors of 236266079.
7, 239, 141223
What are the prime factors of 6630230?
2, 5, 263, 2521
List the prime factors of 403189076.
2, 100797269
List the prime factors of 49690020.
2, 3, 5, 127, 6521
List the prime factors of 38873026.
2, 19436513
List the prime factors of 78079338.
2, 3, 4337741
List the prime factors of 1411240567.
11, 17, 7546741
List the prime factors of 19292185.
5, 11, 350767
List the prime factors of 2942879707.
17, 461, 375511
What are the prime factors of 136598579?
13, 1847, 5689
What are the prime factors of 3787668348?
2, 3, 315639029
What are the prime factors of 2369741616?
2, 3, 11, 41, 12163
What are the prime factors of 39370380?
2, 3, 5, 7, 93739
What are the prime factors of 749440606?
2, 439, 853577
List the prime factors of 572706430.
2, 5, 61, 97, 9679
List the prime factors of 5048025544.
2, 631003193
List the prime factors of 4905724227.
3, 101, 16190509
What are the prime factors of 48626678?
2, 29, 838391
What are the prime factors of 50100000?
2, 3, 5, 167
List the prime factors of 1197496276.
2, 299374069
List the prime factors of 76051444.
2, 7, 881, 3083
What are the prime factors of 1005667889?
1005667889
What are the prime factors of 868256761?
868256761
What are the prime factors of 20125917?
3, 7, 47, 971
What are the prime factors of 715672033?
251, 557, 5119
What are the prime factors of 358823652?
2, 3, 11, 349, 7789
What are the prime factors of 3674026?
2, 37, 131, 379
List the prime factors of 886425860.
2, 5, 73, 8317
List the prime factors of 528038037.
3, 17, 3451229
List the prime factors of 1102022139.
3, 439, 457, 1831
List the prime factors of 398605153.
398605153
List the prime factors of 1581435571.
53, 89, 3767
List the prime factors of 153643663.
67, 1427, 1607
List the prime factors of 422043670.
2, 5, 29, 1455323
List the prime factors of 1137649393.
1137649393
What are the prime factors of 1131893583?
3, 59, 6394879
List the prime factors of 13432174.
2, 7, 41, 3343
List the prime factors of 229983885.
3, 5, 19, 31, 8677
List the prime factors of 2599106056.
2, 61, 5326037
What are the prime factors of 1865316401?
13, 47, 3052891
What are the prime factors of 1010796253?
313, 3229381
List the prime factors of 37108522.
2, 11, 23, 59, 113
List the prime factors of 4722341695.
5, 97, 9736787
What are the prime factors of 136206718?
2, 68103359
What are the prime factors of 7065916?
2, 11, 13, 1123
What are the prime factors of 4392534467?
41, 7541, 14207
What are the prime factors of 152685331?
152685331
List the prime factors of 6883040293.
29, 113, 2100409
List the prime factors of 3021260773.
101, 113, 2621
What are the prime factors of 1992256333?
17, 117191549
List the prime factors of 24340827.
3, 7, 1159087
What are the prime factors of 1515766403?
29, 47, 1112081
What are the prime factors of 1271728146?
2, 3, 13, 17, 251, 3821
List the prime factors of 104631819.
3, 37, 163, 5783
What are the prime factors of 199061715?
3, 5, 13270781
What are the prime factors of 199632557?
199632557
List the prime factors of 233780635.
5, 11, 71, 131, 457
List the prime factors of 78725549.
7, 3301, 3407
What are the prime factors of 130015409?
59, 73, 30187
What are the prime factors of 3981057949?
11, 43, 157, 53609
What are the prime factors of 1186757881?
1186757881
What are the prime factors of 299825532?
2, 3, 17, 489911
What are the prime factors of 2301685998?
2, 3, 17, 103, 219083
What are the prime factors of 1895523549?
3, 29, 43, 506689
List the prime factors of 635999739.
3, 503, 421471
List the prime factors of 72579906.
2, 3, 7, 576031
What are the prime factors of 528847815?
3, 5, 17, 1063, 1951
List the prime factors of 1648921736.
2, 7, 11, 54629
List the prime factors of 2157427204.
2, 539356801
List the prime factors of 258066292.
2, 11, 5865143
What are the prime factors of 2722804512?
2, 3, 373, 76039
List the prime factors of 215629336.
2, 13, 2073359
What are the prime factors of 101818993?
3659, 27827
List the prime factors of 53958426.
2, 3, 8993071
List the prime factors of 61075046.
2, 30537523
What are the prime factors of 133572558?
2, 3, 7, 1019, 3121
List the prime factors of 163643945.
5, 127, 257707
List the prime factors of 3641997332.
2, 910499333
List the prime factors of 31949985.
3, 5, 1009, 2111
List the prime factors of 42179082.
2, 3, 11, 641, 997
What are the prime factors of 731003546?
2, 7, 13, 4016503
What are the prime factors of 127578506?
2, 11, 17, 43, 7933
What are the prime factors of 27133193?
27133193
What are the prime factors of 1952408556?
2, 3, 7, 2582551
What are the prime factors of 33674680?
2, 5, 13, 31, 2089
What are the prime factors of 300080672?
2, 67, 2089
What are the prime factors of 582353815?
5, 116470763
What are the prime factors of 1571338835?
5, 11, 79, 361643
List the prime factors of 80700080.
2, 5, 79, 113
List the prime factors of 66283531.
29, 2285639
What are the prime factors of 91223253?
3, 11, 43, 2381
List the prime factors of 45743588.
2, 11, 787, 1321
What are the prime factors of 780224826?
2, 3, 17, 7649263
What are the prime factors of 519859695?
3, 5, 109, 317957
List the prime factors of 86452066.
2, 43226033
List the prime factors of 124736345.
5, 359, 69491
What are the prime factors of 24962749?
7, 17, 209771
What are the prime factors of 13102250?
2, 5, 7, 7487
What are the prime factors of 267241516?
2, 79, 137, 6173
What are the prime factors of 27261282?
2, 3, 1039, 4373
List the prime factors of 2868502476.
2, 3, 7, 2063, 16553
What are the prime factors of 269972209?
13, 173, 120041
What are the prime factors of 343285419?
3, 23, 4975151
What are the prime factors of 721952303?
29, 24894907
What are the prime factors of 36955263?
3, 17, 167, 4339
What are the prime factors of 31617430?
2, 5, 13, 107, 2273
List the prime factors of 46033762.
2, 23016881
What are the prime factors of 457577419?
13, 35198263
What are the prime factors of 8927070?
2, 3, 5, 29, 31, 331
What are the prime factors of 6398191